{"id":104,"date":"2015-02-05T10:01:55","date_gmt":"2015-02-05T10:01:55","guid":{"rendered":"http:\/\/pohorje-turizem.com\/turizem\/?page_id=104"},"modified":"2017-06-21T08:49:24","modified_gmt":"2017-06-21T08:49:24","slug":"o-agenciji","status":"publish","type":"page","link":"http:\/\/pohorje-turizem.com\/turizem\/o-agenciji","title":{"rendered":"O agenciji"},"content":{"rendered":"<p><strong>Pozdravljeni popotniki!<\/strong><\/p>\n<p>Veseli nas, da vas sre\u010damo na na\u0161ih spletnih straneh, katerih vsebina je nastala na osnovi izku\u0161enj na\u0161ega nekaj letnega dela v turizmu.<\/p>\n<p>Prvi koraki na\u0161ega podjetja so bili v za\u010detku devetdesetih let, ko smo pri\u010deli z dejavnostjo avtobusnih prevozov.\u00a0 Ker smo v na\u0161i dru\u017ebi gostili vedno ve\u010dje \u0161tevilo popotnikov, smo temu skozi vsa leta prilagajali in ve\u010dali na\u0161 vozni park.\u00a0 Danes \u0161teje osem vozil, ki vam jih v nadaljevanju tudi podrobneje predstavljamo.\u00a0 Nudimo vam turisti\u010dne avtobusne prevoze na relacijah po va\u0161i \u017eelji, prav tako pa izvajamo tudi linijski prevoz, namenjen dijakom in \u0161tudentom.<\/p>\n<p>Na prelomu v 21. stoletje je dejavnost prevozni\u0161tva dopolnila na\u0161a turisti\u010dna agencija,\u00a0 v kateri z veseljem poskrbimo za va\u0161e \u017eelje. Pripravimo vam programe za izlete in potovanja, vam svetujemo pri izboru po\u010ditnic za va\u0161o dru\u017eino ali pa vam preprosto ponudimo zgolj prevozne storitve.\u00a0 \u0160e posebej se znamo potruditi pri organizaciji izletov, potovanj in ekskurzij za zaklju\u010dene skupine. Na pot se najve\u010dkrat odpravimo kar z na\u0161imi avtobusi, katerih vozniki so zelo doma\u010di in prijazni. Prav tako imamo velik krog zunanjih sodelavcev, ki se dobro znajdejo v vlogah na\u0161ih svetovalcev, vodnikov, spremljevalcev in animatorjev.\u00a0 Vse skupaj nas zdru\u017euje \u017eelja po potepanjih. Bodisi v na\u0161i prekrasni de\u017eelici na son\u010dni strani Alp ali pa kje v tujini. Radi zdru\u017eimo prijetno s koristnim: oglede zanimivosti z dobro voljo potnikov, ekipe ter doma\u010dinov, ki so na\u0161i gostitelji.\u00a0 Zelo smo ponosni, da nam to uspeva. Dokaz o uspehu je bilo praznovanje na\u0161e okrogle obletnice delovanja podjetja, ki smo jo slavili v letu 2010!<\/p>\n<p>Zelo bomo po\u010da\u0161\u010deni, \u010de boste tudi vi va\u0161e \u017eelje po potepanjih uresni\u010dili pri nas in tako bomo ob na\u0161em jubileju lahko nazdravili skupaj!<\/p>\n<p><strong>Sre\u010dno pot, kamorkoli \u017ee vas bo vodila, vam \u017eeli kolektiv Pohorje tours.<\/strong><\/p>\n<p>&nbsp;<\/p>\n\n\t\t<style type=\"text\/css\">\n\t\t\t#gallery-1 {\n\t\t\t\tmargin: auto;\n\t\t\t}\n\t\t\t#gallery-1 .gallery-item {\n\t\t\t\tfloat: left;\n\t\t\t\tmargin-top: 10px;\n\t\t\t\ttext-align: center;\n\t\t\t\twidth: 25%;\n\t\t\t}\n\t\t\t#gallery-1 img {\n\t\t\t\tborder: 2px solid #cfcfcf;\n\t\t\t}\n\t\t\t#gallery-1 .gallery-caption {\n\t\t\t\tmargin-left: 0;\n\t\t\t}\n\t\t\t\/* see gallery_shortcode() in wp-includes\/media.php *\/\n\t\t<\/style>\n\t\t<div id='gallery-1' class='gallery galleryid-104 gallery-columns-4 gallery-size-thumbnail'><dl class='gallery-item'>\n\t\t\t<dt class='gallery-icon landscape'>\n\t\t\t\t<a href='http:\/\/pohorje-turizem.com\/turizem\/wp-content\/uploads\/2015\/02\/POHORJETOURSPISARNA1.jpg'><img width=\"150\" height=\"150\" src=\"http:\/\/pohorje-turizem.com\/turizem\/wp-content\/uploads\/2015\/02\/POHORJETOURSPISARNA1-150x150.jpg\" class=\"attachment-thumbnail size-thumbnail\" alt=\"\" decoding=\"async\" loading=\"lazy\" srcset=\"http:\/\/pohorje-turizem.com\/turizem\/wp-content\/uploads\/2015\/02\/POHORJETOURSPISARNA1-150x150.jpg 150w, http:\/\/pohorje-turizem.com\/turizem\/wp-content\/uploads\/2015\/02\/POHORJETOURSPISARNA1-125x125.jpg 125w\" sizes=\"(max-width: 150px) 100vw, 150px\" \/><\/a>\n\t\t\t<\/dt><\/dl><dl class='gallery-item'>\n\t\t\t<dt class='gallery-icon landscape'>\n\t\t\t\t<a href='http:\/\/pohorje-turizem.com\/turizem\/wp-content\/uploads\/2015\/02\/POHORJETOURSPISARNA2.jpg'><img width=\"150\" height=\"150\" src=\"http:\/\/pohorje-turizem.com\/turizem\/wp-content\/uploads\/2015\/02\/POHORJETOURSPISARNA2-150x150.jpg\" class=\"attachment-thumbnail size-thumbnail\" alt=\"\" decoding=\"async\" loading=\"lazy\" srcset=\"http:\/\/pohorje-turizem.com\/turizem\/wp-content\/uploads\/2015\/02\/POHORJETOURSPISARNA2-150x150.jpg 150w, http:\/\/pohorje-turizem.com\/turizem\/wp-content\/uploads\/2015\/02\/POHORJETOURSPISARNA2-125x125.jpg 125w\" sizes=\"(max-width: 150px) 100vw, 150px\" \/><\/a>\n\t\t\t<\/dt><\/dl><dl class='gallery-item'>\n\t\t\t<dt class='gallery-icon landscape'>\n\t\t\t\t<a href='http:\/\/pohorje-turizem.com\/turizem\/wp-content\/uploads\/2015\/02\/pohorjetourssprejemnapisarna.jpg'><img width=\"150\" height=\"150\" src=\"http:\/\/pohorje-turizem.com\/turizem\/wp-content\/uploads\/2015\/02\/pohorjetourssprejemnapisarna-150x150.jpg\" class=\"attachment-thumbnail size-thumbnail\" alt=\"\" decoding=\"async\" loading=\"lazy\" srcset=\"http:\/\/pohorje-turizem.com\/turizem\/wp-content\/uploads\/2015\/02\/pohorjetourssprejemnapisarna-150x150.jpg 150w, http:\/\/pohorje-turizem.com\/turizem\/wp-content\/uploads\/2015\/02\/pohorjetourssprejemnapisarna-125x125.jpg 125w\" sizes=\"(max-width: 150px) 100vw, 150px\" \/><\/a>\n\t\t\t<\/dt><\/dl><dl class='gallery-item'>\n\t\t\t<dt class='gallery-icon landscape'>\n\t\t\t\t<a href='http:\/\/pohorje-turizem.com\/turizem\/wp-content\/uploads\/2015\/02\/pohorjetourszunaj.jpg'><img width=\"150\" height=\"150\" src=\"http:\/\/pohorje-turizem.com\/turizem\/wp-content\/uploads\/2015\/02\/pohorjetourszunaj-150x150.jpg\" class=\"attachment-thumbnail size-thumbnail\" alt=\"\" decoding=\"async\" loading=\"lazy\" srcset=\"http:\/\/pohorje-turizem.com\/turizem\/wp-content\/uploads\/2015\/02\/pohorjetourszunaj-150x150.jpg 150w, http:\/\/pohorje-turizem.com\/turizem\/wp-content\/uploads\/2015\/02\/pohorjetourszunaj-125x125.jpg 125w\" sizes=\"(max-width: 150px) 100vw, 150px\" \/><\/a>\n\t\t\t<\/dt><\/dl><br style=\"clear: both\" \/>\n\t\t<\/div>\n\n","protected":false},"excerpt":{"rendered":"Pozdravljeni popotniki! Veseli nas, da vas sre\u010damo na na\u0161ih spletnih straneh, katerih vsebina je nastala na osnovi izku\u0161enj na\u0161ega nekaj letnega dela v turizmu. Prvi koraki na\u0161ega podjetja so bili v za\u010detku devetdesetih let, ko smo pri\u010deli z dejavnostjo avtobusnih prevozov.\u00a0 Ker smo v na\u0161i dru\u017ebi gostili vedno ve\u010dje \u0161tevilo popotnikov, smo temu skozi vsa&#8230; <a class=\"view-article\" href=\"http:\/\/pohorje-turizem.com\/turizem\/o-agenciji\">View Article<\/a>","protected":false},"author":1,"featured_media":0,"parent":0,"menu_order":0,"comment_status":"open","ping_status":"open","template":"navadna-template.php","meta":[],"_links":{"self":[{"href":"http:\/\/pohorje-turizem.com\/turizem\/wp-json\/wp\/v2\/pages\/104"}],"collection":[{"href":"http:\/\/pohorje-turizem.com\/turizem\/wp-json\/wp\/v2\/pages"}],"about":[{"href":"http:\/\/pohorje-turizem.com\/turizem\/wp-json\/wp\/v2\/types\/page"}],"author":[{"embeddable":true,"href":"http:\/\/pohorje-turizem.com\/turizem\/wp-json\/wp\/v2\/users\/1"}],"replies":[{"embeddable":true,"href":"http:\/\/pohorje-turizem.com\/turizem\/wp-json\/wp\/v2\/comments?post=104"}],"version-history":[{"count":5,"href":"http:\/\/pohorje-turizem.com\/turizem\/wp-json\/wp\/v2\/pages\/104\/revisions"}],"predecessor-version":[{"id":2447,"href":"http:\/\/pohorje-turizem.com\/turizem\/wp-json\/wp\/v2\/pages\/104\/revisions\/2447"}],"wp:attachment":[{"href":"http:\/\/pohorje-turizem.com\/turizem\/wp-json\/wp\/v2\/media?parent=104"}],"curies":[{"name":"wp","href":"https:\/\/api.w.org\/{rel}","templated":true}]}}