{"id":5697,"date":"2019-03-04T09:30:00","date_gmt":"2019-03-04T09:30:00","guid":{"rendered":"http:\/\/pohorje-turizem.com\/turizem\/?page_id=5697"},"modified":"2019-03-05T09:31:04","modified_gmt":"2019-03-05T09:31:04","slug":"mercedes-benz-m350-5111","status":"publish","type":"page","link":"http:\/\/pohorje-turizem.com\/turizem\/mercedes-benz-m350-5111","title":{"rendered":"Mercedes Benz M350 (51+1+1)"},"content":{"rendered":"\n<p><strong>TIP AVTOBUSA:<\/strong> Mercedes Benz M350<\/p>\n\n\n\n<p><strong>OPIS:<\/strong> visokopodni turisti\u010dni avtobus<br><strong>OPREMA:<\/strong> klima, hladilnik, video, tv, cd-player<br><strong>\u0160T. SEDE\u017dEV:<\/strong> 51 +2<\/p>\n\n\n\n<ul class=\"wp-block-gallery columns-3 is-cropped wp-block-gallery-1 is-layout-flex\"><li class=\"blocks-gallery-item\"><figure><a href=\"http:\/\/pohorje-turizem.com\/turizem\/wp-content\/uploads\/2019\/03\/CT5-700x467.jpg\"><img decoding=\"async\" loading=\"lazy\" width=\"700\" height=\"467\" src=\"http:\/\/pohorje-turizem.com\/turizem\/wp-content\/uploads\/2019\/03\/CT5-700x467.jpg\" alt=\"\" data-id=\"5805\" data-link=\"http:\/\/pohorje-turizem.com\/turizem\/mercedes-benz-m350-5111\/attachment\/ct5\" class=\"wp-image-5805\" srcset=\"http:\/\/pohorje-turizem.com\/turizem\/wp-content\/uploads\/2019\/03\/CT5.jpg 700w, http:\/\/pohorje-turizem.com\/turizem\/wp-content\/uploads\/2019\/03\/CT5-250x167.jpg 250w, http:\/\/pohorje-turizem.com\/turizem\/wp-content\/uploads\/2019\/03\/CT5-120x80.jpg 120w\" sizes=\"(max-width: 700px) 100vw, 700px\" \/><\/a><\/figure><\/li><li class=\"blocks-gallery-item\"><figure><a href=\"http:\/\/pohorje-turizem.com\/turizem\/wp-content\/uploads\/2019\/03\/CT4-700x467.jpg\"><img decoding=\"async\" loading=\"lazy\" width=\"700\" height=\"467\" src=\"http:\/\/pohorje-turizem.com\/turizem\/wp-content\/uploads\/2019\/03\/CT4-700x467.jpg\" alt=\"\" data-id=\"5804\" data-link=\"http:\/\/pohorje-turizem.com\/turizem\/mercedes-benz-m350-5111\/attachment\/ct4\" class=\"wp-image-5804\" srcset=\"http:\/\/pohorje-turizem.com\/turizem\/wp-content\/uploads\/2019\/03\/CT4.jpg 700w, http:\/\/pohorje-turizem.com\/turizem\/wp-content\/uploads\/2019\/03\/CT4-250x167.jpg 250w, http:\/\/pohorje-turizem.com\/turizem\/wp-content\/uploads\/2019\/03\/CT4-120x80.jpg 120w\" sizes=\"(max-width: 700px) 100vw, 700px\" \/><\/a><\/figure><\/li><li class=\"blocks-gallery-item\"><figure><a href=\"http:\/\/pohorje-turizem.com\/turizem\/wp-content\/uploads\/2019\/03\/CT3-700x466.jpg\"><img decoding=\"async\" loading=\"lazy\" width=\"700\" height=\"466\" src=\"http:\/\/pohorje-turizem.com\/turizem\/wp-content\/uploads\/2019\/03\/CT3-700x466.jpg\" alt=\"\" data-id=\"5803\" data-link=\"http:\/\/pohorje-turizem.com\/turizem\/mercedes-benz-m350-5111\/attachment\/ct3\" class=\"wp-image-5803\" srcset=\"http:\/\/pohorje-turizem.com\/turizem\/wp-content\/uploads\/2019\/03\/CT3.jpg 700w, http:\/\/pohorje-turizem.com\/turizem\/wp-content\/uploads\/2019\/03\/CT3-250x166.jpg 250w, http:\/\/pohorje-turizem.com\/turizem\/wp-content\/uploads\/2019\/03\/CT3-120x80.jpg 120w\" sizes=\"(max-width: 700px) 100vw, 700px\" \/><\/a><\/figure><\/li><li class=\"blocks-gallery-item\"><figure><a href=\"http:\/\/pohorje-turizem.com\/turizem\/wp-content\/uploads\/2019\/03\/CT2-700x466.jpg\"><img decoding=\"async\" loading=\"lazy\" width=\"700\" height=\"466\" src=\"http:\/\/pohorje-turizem.com\/turizem\/wp-content\/uploads\/2019\/03\/CT2-700x466.jpg\" alt=\"\" data-id=\"5802\" data-link=\"http:\/\/pohorje-turizem.com\/turizem\/mercedes-benz-m350-5111\/attachment\/ct2\" class=\"wp-image-5802\" srcset=\"http:\/\/pohorje-turizem.com\/turizem\/wp-content\/uploads\/2019\/03\/CT2.jpg 700w, http:\/\/pohorje-turizem.com\/turizem\/wp-content\/uploads\/2019\/03\/CT2-250x166.jpg 250w, http:\/\/pohorje-turizem.com\/turizem\/wp-content\/uploads\/2019\/03\/CT2-120x80.jpg 120w\" sizes=\"(max-width: 700px) 100vw, 700px\" \/><\/a><\/figure><\/li><\/ul>\n","protected":false},"excerpt":{"rendered":"TIP AVTOBUSA: Mercedes Benz M350 OPIS: visokopodni turisti\u010dni avtobusOPREMA: klima, hladilnik, video, tv, cd-player\u0160T. SEDE\u017dEV: 51 +2","protected":false},"author":1,"featured_media":0,"parent":0,"menu_order":0,"comment_status":"closed","ping_status":"closed","template":"","meta":[],"_links":{"self":[{"href":"http:\/\/pohorje-turizem.com\/turizem\/wp-json\/wp\/v2\/pages\/5697"}],"collection":[{"href":"http:\/\/pohorje-turizem.com\/turizem\/wp-json\/wp\/v2\/pages"}],"about":[{"href":"http:\/\/pohorje-turizem.com\/turizem\/wp-json\/wp\/v2\/types\/page"}],"author":[{"embeddable":true,"href":"http:\/\/pohorje-turizem.com\/turizem\/wp-json\/wp\/v2\/users\/1"}],"replies":[{"embeddable":true,"href":"http:\/\/pohorje-turizem.com\/turizem\/wp-json\/wp\/v2\/comments?post=5697"}],"version-history":[{"count":5,"href":"http:\/\/pohorje-turizem.com\/turizem\/wp-json\/wp\/v2\/pages\/5697\/revisions"}],"predecessor-version":[{"id":5894,"href":"http:\/\/pohorje-turizem.com\/turizem\/wp-json\/wp\/v2\/pages\/5697\/revisions\/5894"}],"wp:attachment":[{"href":"http:\/\/pohorje-turizem.com\/turizem\/wp-json\/wp\/v2\/media?parent=5697"}],"curies":[{"name":"wp","href":"https:\/\/api.w.org\/{rel}","templated":true}]}}