{"id":7672,"date":"2020-05-18T10:17:37","date_gmt":"2020-05-18T10:17:37","guid":{"rendered":"http:\/\/pohorje-turizem.com\/turizem\/?page_id=7672"},"modified":"2020-05-18T10:17:38","modified_gmt":"2020-05-18T10:17:38","slug":"ford-transit-171","status":"publish","type":"page","link":"http:\/\/pohorje-turizem.com\/turizem\/vozni-park\/ford-transit-171","title":{"rendered":"Ford Transit 17+1"},"content":{"rendered":"\n<p> <br><strong>TIP AVTOBUSA:<\/strong> Ford Transit 17+1 <\/p>\n\n\n\n<p><strong>OPIS:<\/strong> visokopodni turisti\u010dni avtobus<br><strong>OPREMA:<\/strong> klima, hladilnik, video, tv, cd-player<br><strong>\u0160T. SEDE\u017dEV:<\/strong> 17 + 1 <\/p>\n\n\n\n<ul class=\"wp-block-gallery columns-3 is-cropped wp-block-gallery-1 is-layout-flex\"><li class=\"blocks-gallery-item\"><figure><img decoding=\"async\" loading=\"lazy\" width=\"700\" height=\"467\" src=\"http:\/\/pohorje-turizem.com\/turizem\/wp-content\/uploads\/2020\/05\/Ford-2-700x467.jpg\" alt=\"\" data-id=\"7674\" data-link=\"http:\/\/pohorje-turizem.com\/turizem\/?attachment_id=7674\" class=\"wp-image-7674\" srcset=\"http:\/\/pohorje-turizem.com\/turizem\/wp-content\/uploads\/2020\/05\/Ford-2.jpg 700w, http:\/\/pohorje-turizem.com\/turizem\/wp-content\/uploads\/2020\/05\/Ford-2-250x167.jpg 250w, http:\/\/pohorje-turizem.com\/turizem\/wp-content\/uploads\/2020\/05\/Ford-2-120x80.jpg 120w\" sizes=\"(max-width: 700px) 100vw, 700px\" \/><\/figure><\/li><li class=\"blocks-gallery-item\"><figure><img decoding=\"async\" loading=\"lazy\" width=\"700\" height=\"465\" src=\"http:\/\/pohorje-turizem.com\/turizem\/wp-content\/uploads\/2020\/05\/Ford-3-700x465.jpg\" alt=\"\" data-id=\"7675\" data-link=\"http:\/\/pohorje-turizem.com\/turizem\/?attachment_id=7675\" class=\"wp-image-7675\" srcset=\"http:\/\/pohorje-turizem.com\/turizem\/wp-content\/uploads\/2020\/05\/Ford-3.jpg 700w, http:\/\/pohorje-turizem.com\/turizem\/wp-content\/uploads\/2020\/05\/Ford-3-250x166.jpg 250w, http:\/\/pohorje-turizem.com\/turizem\/wp-content\/uploads\/2020\/05\/Ford-3-120x80.jpg 120w\" sizes=\"(max-width: 700px) 100vw, 700px\" \/><\/figure><\/li><li class=\"blocks-gallery-item\"><figure><img decoding=\"async\" loading=\"lazy\" width=\"700\" height=\"464\" src=\"http:\/\/pohorje-turizem.com\/turizem\/wp-content\/uploads\/2020\/05\/Ford-4-700x464.jpg\" alt=\"\" data-id=\"7676\" data-link=\"http:\/\/pohorje-turizem.com\/turizem\/?attachment_id=7676\" class=\"wp-image-7676\" srcset=\"http:\/\/pohorje-turizem.com\/turizem\/wp-content\/uploads\/2020\/05\/Ford-4.jpg 700w, http:\/\/pohorje-turizem.com\/turizem\/wp-content\/uploads\/2020\/05\/Ford-4-250x166.jpg 250w, http:\/\/pohorje-turizem.com\/turizem\/wp-content\/uploads\/2020\/05\/Ford-4-120x80.jpg 120w\" sizes=\"(max-width: 700px) 100vw, 700px\" \/><\/figure><\/li><li class=\"blocks-gallery-item\"><figure><img decoding=\"async\" loading=\"lazy\" width=\"700\" height=\"467\" src=\"http:\/\/pohorje-turizem.com\/turizem\/wp-content\/uploads\/2020\/05\/Ford-1-700x467.jpg\" alt=\"\" data-id=\"7673\" data-link=\"http:\/\/pohorje-turizem.com\/turizem\/?attachment_id=7673\" class=\"wp-image-7673\" srcset=\"http:\/\/pohorje-turizem.com\/turizem\/wp-content\/uploads\/2020\/05\/Ford-1.jpg 700w, http:\/\/pohorje-turizem.com\/turizem\/wp-content\/uploads\/2020\/05\/Ford-1-250x167.jpg 250w, http:\/\/pohorje-turizem.com\/turizem\/wp-content\/uploads\/2020\/05\/Ford-1-120x80.jpg 120w\" sizes=\"(max-width: 700px) 100vw, 700px\" \/><\/figure><\/li><\/ul>\n","protected":false},"excerpt":{"rendered":"TIP AVTOBUSA: Ford Transit 17+1 OPIS: visokopodni turisti\u010dni avtobusOPREMA: klima, hladilnik, video, tv, cd-player\u0160T. SEDE\u017dEV: 17 + 1","protected":false},"author":1,"featured_media":0,"parent":5691,"menu_order":0,"comment_status":"closed","ping_status":"closed","template":"","meta":[],"_links":{"self":[{"href":"http:\/\/pohorje-turizem.com\/turizem\/wp-json\/wp\/v2\/pages\/7672"}],"collection":[{"href":"http:\/\/pohorje-turizem.com\/turizem\/wp-json\/wp\/v2\/pages"}],"about":[{"href":"http:\/\/pohorje-turizem.com\/turizem\/wp-json\/wp\/v2\/types\/page"}],"author":[{"embeddable":true,"href":"http:\/\/pohorje-turizem.com\/turizem\/wp-json\/wp\/v2\/users\/1"}],"replies":[{"embeddable":true,"href":"http:\/\/pohorje-turizem.com\/turizem\/wp-json\/wp\/v2\/comments?post=7672"}],"version-history":[{"count":1,"href":"http:\/\/pohorje-turizem.com\/turizem\/wp-json\/wp\/v2\/pages\/7672\/revisions"}],"predecessor-version":[{"id":7677,"href":"http:\/\/pohorje-turizem.com\/turizem\/wp-json\/wp\/v2\/pages\/7672\/revisions\/7677"}],"up":[{"embeddable":true,"href":"http:\/\/pohorje-turizem.com\/turizem\/wp-json\/wp\/v2\/pages\/5691"}],"wp:attachment":[{"href":"http:\/\/pohorje-turizem.com\/turizem\/wp-json\/wp\/v2\/media?parent=7672"}],"curies":[{"name":"wp","href":"https:\/\/api.w.org\/{rel}","templated":true}]}}